51816?
True
Is 966302187 a multiple of 471?
True
Does 196 divide 2121293300?
True
Does 20 divide 3495915098?
False
Is 25972000 a multiple of 358?
False
Does 19 divide 1302257572?
False
Is 6 a factor of 32748484?
False
Is 3958828 a multiple of 4?
True
Does 296 divide 44951152?
True
Does 399 divide 717707634?
True
Is 38 a factor of 1783625467?
False
Is 4182972 a multiple of 9?
False
Is 1471 a factor of 1619523928?
True
Is 4964044 a multiple of 79?
True
Does 917 divide 542531129?
True
Does 54 divide 1001913889?
False
Is 209 a factor of 622019899?
False
Is 2015803311 a multiple of 43?
False
Does 47 divide 93601910?
True
Does 5201 divide 644840881?
False
Is 10289772 a multiple of 2327?
False
Is 26 a factor of 3131553?
False
Is 1042 a factor of 64077790?
True
Does 723 divide 96616659?
True
Is 90 a factor of 6514830?
True
Is 77043285 a multiple of 15?
True
Is 1312819000 a multiple of 620?
True
Does 2534 divide 29173571?
False
Does 176 divide 53015094?
False
Does 95 divide 160327035?
True
Does 3576 divide 98754816?
True
Is 30408269 a multiple of 1961?
False
Does 38 divide 8226324?
False
Does 750 divide 5204211?
False
Does 1177 divide 103002801?
True
Is 2698399440 a multiple of 571?
False
Is 353887237 a multiple of 21?
False
Is 5 a factor of 19942025?
True
Is 19 a factor of 65996352?
False
Is 954 a factor of 1278944359?
False
Is 901 a factor of 98429508?
False
Does 2091 divide 74128041?
True
Is 10977520 a multiple of 4?
True
Does 356 divide 614373334?
False
Does 17 divide 19200072?
True
Does 31 divide 114103367?
False
Does 227 divide 102262055?
False
Does 761 divide 122141376?
False
Does 1267 divide 1031204923?
False
Is 75 a factor of 2484409271?
False
Does 20 divide 44578660?
True
Does 389 divide 410205557?
True
Does 36 divide 66145644?
True
Is 70 a factor of 68121690?
True
Is 23070372 a multiple of 533?
True
Is 1138 a factor of 722758972?
False
Does 38 divide 33547808?
False
Is 300 a factor of 31237725?
False
Does 5 divide 3478347?
False
Is 695 a factor of 4185555490?
True
Is 5994913 a multiple of 99?
False
Is 3258923 a multiple of 3?
False
Is 80350542 a multiple of 173?
True
Is 109 a factor of 163823359?
False
Is 111798732 a multiple of 102?
True
Is 33715506 a multiple of 818?
True
Is 180 a factor of 215272260?
True
Is 2743 a factor of 1584182849?
False
Is 12973814 a multiple of 21?
False
Is 1978 a factor of 470671034?
True
Is 1506120586 a multiple of 17?
False
Is 436385314 a multiple of 39?
False
Does 5 divide 1620960?
True
Is 18 a factor of 558502402?
False
Is 206 a factor of 594061101?
False
Is 71 a factor of 232360635?
True
Is 353 a factor of 609900339?
True
Is 4176644440 a multiple of 10884?
False
Is 16 a factor of 119471152?
True
Does 23 divide 78135753?
False
Does 41 divide 23763320?
False
Does 3 divide 6447443?
False
Is 3389251005 a multiple of 10035?
True
Does 187 divide 328772928?
True
Is 156 a factor of 475296116?
False
Is 115929051 a multiple of 49?
True
Is 1204343877 a multiple of 20?
False
Is 599 a factor of 70131026?
False
Is 1744511720 a multiple of 2761?
False
Is 116 a factor of 4436001?
False
Is 2878037210 a multiple of 62?
True
Is 1939 a factor of 192573724?
True
Does 34 divide 132815798?
True
Is 2657770 a multiple of 30?
False
Does 885 divide 994859245?
False
Is 939 a factor of 678517644?
True
Is 2252172132 a multiple of 2291?
True
Is 7 a factor of 85396533?
False
Does 6787 divide 799196398?
True
Is 25556205 a multiple of 73?
True
Is 1392089608 a multiple of 1274?
True
Does 432 divide 26013741?
False
Is 178 a factor of 147420846?
True
Does 13 divide 283392223?
False
Does 44 divide 2329414830?
False
Is 22069500 a multiple of 707?
False
Is 1006 a factor of 90920136?
False
Is 143929344 a multiple of 1802?
True
Does 1117 divide 186298845?
True
Is 49512358 a multiple of 122?
True
Does 207 divide 29599137?
True
Does 135 divide 96096375?
True
Does 30 divide 704597199?
False
Is 97 a factor of 1229863?
True
Does 5 divide 53899710?
True
Is 4 a factor of 88813627?
False
Is 16295206 a multiple of 2?
True
Does 101 divide 100882181?
False
Is 42447300 a multiple of 609?
True
Does 34 divide 444070464?
True
Is 483191145 a multiple of 27?
False
Does 18 divide 69522246?
True
Does 770 divide 13995520?
True
Is 169737631 a multiple of 45?
False
Does 1163 divide 154454624?
False
Does 6196 divide 982824007?
False
Is 11 a factor of 224884?
True
Is 58 a factor of 108212398?
True
Is 353447031 a multiple of 1257?
True
Is 193205730 a multiple of 724?
False
Is 1436 a factor of 1272761324?
False
Is 1449 a factor of 796622221?
False
Is 1205 a factor of 9866540?
True
Does 2088 divide 250194934?
False
Does 48 divide 2503735749?
False
Is 2235673182 a multiple of 14068?
False
Is 238 a factor of 40505999?
False
Does 10 divide 109714880?
True
Does 5 divide 52750820?
True
Is 647475377 a multiple of 1451?
True
Does 860 divide 153105800?
True
Is 65 a factor of 47804250?
True
Is 33815221 a multiple of 48?
False
Does 10 divide 960954766?
False
Is 9 a factor of 2172486363?
False
Is 592031 a multiple of 135?
False
Does 2977 divide 95711945?
False
Is 614 a factor of 634336710?
False
Is 20295832 a multiple of 19?
False
Is 12913898 a multiple of 3?
False
Is 18 a factor of 25138858?
False
Does 41 divide 2594145839?
False
Does 72 divide 3739720320?
True
Is 163962944 a multiple of 33?
False
Is 41522697 a multiple of 15?
False
Does 6 divide 128832104?
False
Is 21620962 a multiple of 234?
False
Is 184 a factor of 62425496?
True
Is 30 a factor of 13812870?
True
Is 43 a factor of 914366835?
True
Is 21 a factor of 3821227926?
False
Is 13 a factor of 47628543?
False
Does 163 divide 240410982?
True
Is 4 a factor of 2241503?
False
Is 575207550 a multiple of 4228?
False
Does 126 divide 7527744?
True
Does 222 divide 398970918?
False
Does 499 divide 324505688?
True
Is 12951348 a multiple of 35?
False
Is 2014 a factor of 30894760?
True
Does 5597 divide 1476871985?
False
Is 40 a factor of 1626166?
False
Is 12700873 a multiple of 19?
True
Is 29 a factor of 97671671?
False
Is 31585440 a multiple of 30?
True
Is 945045 a multiple of 45?
True
Is 1407 a factor of 240704166?
False
Is 416266884 a multiple of 1364?
True
Is 45267772 a multiple of 253?
True
Does 3091 divide 312252232?
False
Is 15 a factor of 329988299?
False
Is 170989936 a multiple of 16?
True
Is 15561444 a multiple of 1498?
False
Is 82210507 a multiple of 4692?
False
Is 1897 a factor of 445912614?
True
Is 679104862 a multiple of 113?
False
Is 398 a factor of 415091712?
True
Does 9 divide 1048167477?
True
Does 24 divide 546153840?
True
Is 151 a factor of 25466905?
True
Does 185 divide 1618103?
False
Is 279535697 a multiple of 2110?
False
Does 643 divide 947152503?
True
Does 203 divide 150749600?
False
Does 2955 divide 118214775?
True
Is 930305439 a multiple of 27?
True
Is 2786154 even?
True
Does 218 divide 4676100?
True
Is 248015058 a multiple of 4098?
True
Is 246 a factor of 34976908?
False
Is 242 a factor of 152127976?
True
Does 502 divide 495107045?
False
Is 262894242 a multiple of 38?
False
Is 72102311 a multiple of 154?
False
Is 1006 a factor of 80800067?
False
Is 198 a factor of 185590633?
False
Does 6343 divide 1405634172?
True
Does 3545 divide 1043892605?
True
Does 23 divide 68097963?
True
Does 27 divide 2136802734?
True
Is 199801119 a multiple of 7?
True
Is 36 a factor of 83915499?
False
Is 824053915 a multiple of 1038?
False
Is 379 a factor of 82844094?
True
Does 17 divide 10025527?
False
Is 8 a factor of 18400440?
True
Does 12 divide 160141991?
False
Is 355431347 a multiple of 364?
False
Is 285485440 a multiple of 16?
True
Is 1257 a factor of 139558369?
False
Is 1353629582 a multiple of 1232?
False
Is 161 a factor of 1794997957?
False
Is 16 a factor of 6534604?
False
Is 5361482 a multiple of 49?
True
Is 104 a factor of 313037?
False
Is 181 a factor of 198455462?
False
Does 144 divide 846643968?
True
Is 1776115376 a multiple of 1131?
False
Is 1928 a factor of 65104704?
True
Is 164 a factor of 165914864?
True
Is 912 a factor of 153813837?
False
Does 13 divide 825516133?
True
Is 1376981145 a multiple of 15?
True
Is 2638640719 a multiple of 54?
False
Is 19 a factor of 42421832?
True
Is 125590763 a multiple of 158?
False
Does 1576 divide 17811367?
False
Is 304 a factor of 27186586?
False
Does 1613 divide 14800888?
True
Does 2